6 - 12. Suppose -8*u = -r*u + 7566. Is u a composite number?
True
Let h = 18 + 140. Suppose -11*a + h = -1613. Is a prime?
False
Let w(t) = 8756*t + 303. Is w(14) prime?
True
Let r(k) = -7*k**3 + 3*k**2 + 8*k + 9. Let m be r(-4). Let y(b) = m*b + 35 - 25 + 48. Is y(9) a composite number?
True
Let w(y) = -12*y + 48. Let x be w(4). Suppose x = -2*s + g + 6596, 0*s - 5*g + 6596 = 2*s. Suppose 4*k + 1665 = n + 2*k, -2*n - 4*k = -s. Is n prime?
True
Let j(p) = -610*p - 3339. Is j(-30) a composite number?
True
Suppose -6*m + 8*m + 16314 = 4*b, -4*b + m = -16311. Let f = 2460 + b. Is f composite?
True
Let k = 37 - 39. Let j be (-211)/(k/(-4) + -1). Let l = j - 211. Is l a prime number?
True
Let i be ((-630)/28)/((-1)/6). Let g(u) = i*u + 185*u + 0 - 6 + 1. Is g(2) prime?
False
Let c = -87 + -22. Let g = c + 63. Let y = g - -725. Is y a prime number?
False
Suppose -2*n + 4*n = p + 2, 2*n + 2*p - 8 = 0. Suppose 5*z - n*m = 26712, 3*z + 3*m + 16029 = 6*z. Let o = z - 3127. Is o a prime number?
False
Is 5068875/100 + 8/32 a composite number?
True
Let b = -44 + 49. Suppose -s - r + 63 = 0, b*s - 170 - 95 = 5*r. Suppose -372 + s = -2*h. Is h composite?
False
Let d(t) = -t**3 + t**2 + t + 1. Let w = 28 + -25. Let i(z) = 9*z**3 - 14*z**2 - 9*z + 17. Let a(g) = w*d(g) + i(g). Is a(9) composite?
False
Is 3/33 - ((-486525)/55 + -5) a prime number?
False
Let s = -165147 + 355144. Is s prime?
True
Let k(h) be the first derivative of 172*h**2 + 19*h - 12. Let p(s) = -516*s - 29. Let m(u) = -8*k(u) - 5*p(u). Is m(-2) prime?
True
Suppose -2*a = -4*z + 11261 + 8291, 3*a - 4909 = -z. Is z a composite number?
True
Let a(f) = 1259*f - 240. Let r be a(-17). Let i = -13125 - r. Is i composite?
True
Suppose -16 = -2*y - 3*u, 2*y + 12 = 3*u + u. Suppose -y*q = -5*p + 1678 + 235, -3*q = -4*p + 1536. Is p composite?
True
Let i = -18136 + 30244. Suppose i = 5*g + 5*l - 12, 2*g = l + 4854. Is g composite?
True
Let s(h) = 11015*h + 93. Is s(2) prime?
True
Let v(a) = 213*a**3 - 11*a**2 + 6*a + 3. Is v(8) composite?
True
Let s(q) = 2*q + 14. Let w be s(-6). Let n(d) = d**3 + d**2 - 2*d - 1. Let l be n(w). Suppose 3*b + 2164 = l*b. Is b composite?
False
Suppose -15*r + 210 = -1920. Let q = 505 + r. Is q a prime number?
True
Let h = 15431 + -5938. Let t = h - 5544. Is t composite?
True
Let a = -62258 - -149229. Is a prime?
False
Let t be 6269/(-2) - 1/2. Suppose d - 5845 + 1106 = 449. Let s = d + t. Is s a composite number?
False
Let f(i) = -4*i + 125. Let t be f(30). Suppose 3*v + n - 4767 = 2*v, 23843 = t*v + n. Is v prime?
False
Suppose 20 = 70*t - 66*t. Suppose m + 3*s - 4059 = s, -t*m - s = -20313. Is m a composite number?
True
Suppose 0 = 5*r - 3*s - 7 - 89, 5*r = -s + 88. Suppose 0 = 10*m - r*m - 18552. Let y = m + 4556. Is y a composite number?
False
Suppose 10*a + 4*j - 252634 = 0, 2*a - 5*j + 17979 - 68471 = 0. Is a a prime number?
True
Let b(a) = -a**3 + 2*a**3 - a**3 - a**3 + 7*a + 26 + 11*a**2. Let r = 212 + -201. Is b(r) composite?
False
Let u = 231049 + 166624. Is u prime?
True
Is 1/(-14) - (-6290416055)/5390 a composite number?
False
Suppose 2*p - 5*p = 4*s - 7, 4*s = -8. Suppose 0 = -p*t - 3*h + 25180, 6*t - 25180 = t - 2*h. Suppose k = -3*k + t. Is k a composite number?
False
Suppose 5943552 - 2807035 = 45*b - 3672028. Is b a composite number?
True
Suppose -16*q + 584877 + 696079 - 210732 = 0. Is q a composite number?
False
Let c(s) = 180*s. Let l(y) = y**3 + 8*y**2 + 11*y + 2. Let m be l(-6). Let w be c(m). Let n = -695 + w. Is n prime?
False
Let c be (-4 + (-24)/(-15))/((-3)/20). Suppose -4*n + 8*n + c = 0. Is ((1 - -2) + 1)*(-389)/n a composite number?
False
Let w(k) = -5804*k - 64. Let p be w(-3). Suppose -28*u = -32*u + p. Is u composite?
False
Suppose -4*m = 5*b + 140 + 17, -97 = 3*b + m. Is 3 + b/12 + 5275/4 prime?
True
Let u = -940 - -193. Let r = u + 1358. Suppose -c + r = -191. Is c prime?
False
Let n be ((-364)/(-35))/(4/(-30)). Let g be n/(-21) - 10/(-35). Is (3/(-9))/(g/(-5028)) prime?
True
Let a = -27564 + 713851. Is a composite?
True
Let b = 311 + -965. Let s = -407 - b. Is s a prime number?
False
Suppose 3*w - 3*u - 75795 = 0, -4*w + 101054 = 396*u - 401*u. Is w a prime number?
False
Let n = 200692 + -94161. Is n a composite number?
False
Let q(l) be the second derivative of -l**5/20 - l**4 - l**3/6 + 13*l**2/2 + 22*l. Let c be q(-15). Let n = c + -410. Is n composite?
False
Let f be (-4)/(1/42286*-4) - -3. Suppose 5*p + 9164 = -2*b + 26106, 0 = -5*b + 4*p + f. Is b a prime number?
True
Let y(u) = 105*u + 32. Let j(l) = 35*l + 11. Let m(s) = 7*j(s) - 2*y(s). Let n be (-4)/(-14) + 40/7. Is m(n) prime?
True
Suppose 0 = -23*d + 813961 + 901080. Is d composite?
False
Suppose 0 = u - 4*l - 263712 + 63444, -u = -5*l - 200264. Suppose 28*v + 0*v = u. Is v a composite number?
True
Let h(r) = 20*r**2 - 4*r - 5. Let s be h(-1). Let f(v) = v**3 - 15*v**2 - 11*v + 14. Is f(s) a prime number?
True
Suppose -110*p = -31*p - 4924307. Is p composite?
True
Let t be (((-198)/(-11))/(-3))/((-2)/997). Suppose -4*r + t = -r. Is r a prime number?
True
Suppose -10 = 3*h + 2. Let t be 1 + 15240/54 - h/(-18). Suppose -o + 274 = f, 4*o - t = -f - 0*o. Is f a composite number?
False
Suppose -523*p + 491*p + 16582129 + 16183983 = 0. Is p a composite number?
False
Is (1 - (-4)/3)*((-704)/(-64) - -1054918) composite?
True
Suppose -9150 = -3*w + 4*j, 15250 = 7*w - 2*w - 3*j. Suppose -5*a - w = -5*m, -3*m + 2*a = m - 2444. Suppose -r = n - 0*r - m, -3064 = -5*n - r. Is n composite?
False
Suppose 410 + 1247 = k. Is 4/(-38) - k*(-124)/19 a composite number?
True
Suppose 70*u - 65*u = -4295. Let f(i) = i**3 + 11*i**2 + 14*i + 6. Let l be f(10). Let m = l + u. Is m prime?
False
Suppose 0 = 2*v + 2*v + 240. Is (2 + 3)*(-28932)/v prime?
True
Suppose 2979*i - 2976*i - 616074 = 5*k, 205378 = i + 5*k. Is i a composite number?
True
Is ((-87)/18 - (-20 - -15))*3126 a composite number?
False
Let m = 4150 - 5820. Let d be m*(18/(-4) - -4). Let w = 2220 - d. Is w a prime number?
False
Let b = 82825 - 55152. Is b prime?
True
Suppose 486 + 840 = -6*u. Let s = 1680 - u. Is s a prime number?
True
Let h = -6050 - -16038. Suppose -25564 = -24*w - h. Is w composite?
True
Let f = 30 + -26. Suppose f*n = 2*n + 2*r, 4*n + 16 = -4*r. Is (-12)/(-8) + (-631)/n composite?
False
Suppose -7*c = 22*c. Let f(o) = -20*o + 4971. Is f(c) a composite number?
True
Suppose -5*g + 5 = -2*f, -g - 4 = g - 2*f. Suppose -g*b = -5*x + 352771, 5*b - 10*b + 282202 = 4*x. Is x prime?
False
Let m = 53763 + -37533. Suppose -3*j + m = 3*j. Is j composite?
True
Suppose -107*m = 148*m - 8448915. Is m a composite number?
True
Suppose 0 = 144*c + 157612 - 3987868. Is c a composite number?
True
Suppose 61*q - 247946 = 59*q. Is q prime?
True
Let v(h) = -3*h**3 + 52*h**2 - 19*h + 7. Let j(n) = -4*n**3 + 51*n**2 - 19*n + 6. Let p(u) = -2*j(u) + 3*v(u). Is p(28) a prime number?
True
Suppose g = -4*a + 32913 - 10684, 6*g + 5*a - 133374 = 0. Is g a prime number?
True
Suppose 0 = -13*z + 70*z - 18207339. Is z a composite number?
False
Suppose -22*g = -s - 23*g + 11276, 2*s = 5*g + 22587. Is s a prime number?
False
Let i = -523044 + 785861. Is i a composite number?
True
Is (20677865/(-130))/(1/(-2)) composite?
True
Is (46/(-23))/((-3144)/(-1574) - 2) a composite number?
False
Let s(m) = -4458*m + 521. Is s(-4) a prime number?
True
Suppose 3*x = -t - 14, -2*x + 6*x = -3*t - 22. Let c be (16 + 2460)*t/(-4). Let k = -403 + c. Is k a composite number?
True
Let g(n) = -275*n**3 - 2*n**2 - 4*n - 5. Let q be g(-2). Let y = 4140 - q. Is y composite?
True
Let m be ((-2)/(-6))/((-2)/54). Let j(k) = 77*k**2 + k - 107. Is j(m) a prime number?
True
Suppose x = 2*x + 11. Let m be (-6)/9 + x/(-3). Suppose 2*c = 4*i - 1640, -c - 1231 = -m*i + c. Is i a composite number?
False
Suppose 328*t + 5*i = 330*t - 125714, 0 = 3*i. Is t a composite number?
True
Suppose 11671690 + 2685685 = 125*j. Is j prime?
True
Let d(g) = 118*g**3 + 11*g**2 - 19*g + 13. Is d(8) a composite number?
True
Suppose -2*m - 6 - 14 = -d, 0 = 5*d - 20. Let r(x) = -x**3 - 7*x**2 + 13*x + 41. Let g be r(m). Is ((-3027)/2)/((0 - g)/2) a composite number?
True
Suppose -52*n + 12681 = -49*n. Suppose -5*f + 2*c + 21225 = 0, f - 4*c + 0*c = n. Is f a composite number?
True
Let g(q) = 176*q - 12